{"id":175,"date":"2014-05-16T15:04:54","date_gmt":"2014-05-16T13:04:54","guid":{"rendered":"http:\/\/www.icpsolution.com\/?page_id=175"},"modified":"2020-09-23T12:33:49","modified_gmt":"2020-09-23T11:33:49","slug":"dokumentenmanagement","status":"publish","type":"page","link":"https:\/\/www.icpsolution.com\/?page_id=175","title":{"rendered":"Dokumentenmanagement"},"content":{"rendered":"<p>Zentrale Verwaltung von technischen Produktinformationen mit Zugriffssteuerung, Historie der Aktivit\u00e4ten pro Objekt und Versionsverwaltung, Freigabeabl\u00e4ufe, Visualisierung, \u00c4nderungskommentaren\/Markup, Drucken von gemeinsamen Engineering Dokumenten wie Projektpl\u00e4nen, Anforderungsspezifikationen, Designspezifikationen und Bildern.<br \/>\nAnwender erhalten entsprechend ihrer Privilegien und ihrer Funktion im Rahmen eines Projekts Zugriff auf technische Dokumente. Berechtigte Anwender k\u00f6nnen von jedem Computer des Unternehmensnetzes Dokumenten-Historien einsehen und Funktionen des \u00c4nderungsmanagements nutzen.<br \/>\nDank einer direkten Integration in Microsoft Office-Anwendungen k\u00f6nnen Anwender aus ihrer gewohnten Arbeitsumgebung heraus Informationen suchen und verwalten. Wichtige Daten wie Autor, Version, Thema und Inhalt k\u00f6nnen abgefragt werden.<br \/>\nStandardvorlagen f\u00fcr Dokumente, PLM- und Gesch\u00e4ftsprozesse gew\u00e4hrleisten qualitativ hochwertige, weniger fehlerbehaftete technische Dokumente. Sie k\u00f6nnen auf einfache Weise definiert und im Unternehmen implementiert werden.<\/p>\n<p>Die automatische Dokumentenerstellung erm\u00f6glicht globalen Lesezugriff auf wichtige Dokumente, die dem Anwender automatisch in alternativen Dateiformaten, beispielsweise als PDF-Datei, bereit-gestellt werden k\u00f6nnen.<br \/>\nEindeutige Dokumenten- und Versionsnummern mit frei definierbaren Nummernkreisen k\u00f6nnen automatisch vergeben werden. Mit der Fremdnummernverwaltung lassen sich unterschiedliche Benummerungen des Kunden oder Zulieferers z. B. am Artikelstamm verwalten.<\/p>\n<p><strong>Hier geht es direkt weiter zu:<\/strong><\/p>\n<ul>\n<li><a href=\"\/?page_id=181\">Produktdatenmanagement<\/a><\/li>\n<li><a href=\"\/?page_id=188\">Umfangreiches \u00c4nderungswesen<\/a><\/li>\n<\/ul>\n<p><a href=\"https:\/\/www.icpsolution.com\/wp-content\/uploads\/2014\/05\/Agile_Dokumentenmanagement.jpg\"><img loading=\"lazy\" decoding=\"async\" class=\"alignnone size-full wp-image-177\" src=\"https:\/\/www.icpsolution.com\/wp-content\/uploads\/2014\/05\/Agile_Dokumentenmanagement.jpg\" alt=\"Agile_Dokumentenmanagement\" width=\"800\" height=\"633\" \/><\/a><\/p>\n","protected":false},"excerpt":{"rendered":"<p>Zentrale Verwaltung von technischen Produktinformationen mit Zugriffssteuerung, Historie der Aktivit\u00e4ten pro Objekt und Versionsverwaltung, Freigabeabl\u00e4ufe, Visualisierung, \u00c4nderungskommentaren\/Markup, Drucken von gemeinsamen Engineering Dokumenten wie Projektpl\u00e4nen, Anforderungsspezifikationen, Designspezifikationen und Bildern. Anwender erhalten entsprechend ihrer Privilegien und ihrer Funktion im Rahmen eines Projekts Zugriff auf technische Dokumente. Berechtigte Anwender k\u00f6nnen von jedem Computer des Unternehmensnetzes Dokumenten-Historien einsehen und [&hellip;]<\/p>\n","protected":false},"author":9,"featured_media":0,"parent":154,"menu_order":1,"comment_status":"closed","ping_status":"closed","template":"","meta":{"footnotes":""},"class_list":["post-175","page","type-page","status-publish","hentry","language-de"],"_links":{"self":[{"href":"https:\/\/www.icpsolution.com\/index.php?rest_route=\/wp\/v2\/pages\/175","targetHints":{"allow":["GET"]}}],"collection":[{"href":"https:\/\/www.icpsolution.com\/index.php?rest_route=\/wp\/v2\/pages"}],"about":[{"href":"https:\/\/www.icpsolution.com\/index.php?rest_route=\/wp\/v2\/types\/page"}],"author":[{"embeddable":true,"href":"https:\/\/www.icpsolution.com\/index.php?rest_route=\/wp\/v2\/users\/9"}],"replies":[{"embeddable":true,"href":"https:\/\/www.icpsolution.com\/index.php?rest_route=%2Fwp%2Fv2%2Fcomments&post=175"}],"version-history":[{"count":8,"href":"https:\/\/www.icpsolution.com\/index.php?rest_route=\/wp\/v2\/pages\/175\/revisions"}],"predecessor-version":[{"id":2669,"href":"https:\/\/www.icpsolution.com\/index.php?rest_route=\/wp\/v2\/pages\/175\/revisions\/2669"}],"up":[{"embeddable":true,"href":"https:\/\/www.icpsolution.com\/index.php?rest_route=\/wp\/v2\/pages\/154"}],"wp:attachment":[{"href":"https:\/\/www.icpsolution.com\/index.php?rest_route=%2Fwp%2Fv2%2Fmedia&parent=175"}],"curies":[{"name":"wp","href":"https:\/\/api.w.org\/{rel}","templated":true}]}}