{"id":154,"date":"2014-05-16T14:45:00","date_gmt":"2014-05-16T12:45:00","guid":{"rendered":"http:\/\/www.icpsolution.com\/?page_id=154"},"modified":"2014-06-19T16:43:59","modified_gmt":"2014-06-19T14:43:59","slug":"agile-plm","status":"publish","type":"page","link":"https:\/\/www.icpsolution.com\/?page_id=154","title":{"rendered":"Agile PLM"},"content":{"rendered":"<p>Agile PLM for Industrial Manufacturing unterst\u00fctzt durchg\u00e4ngig die kritischen Gesch\u00e4ftsprozesse des gesamten Produktlebenszyklus. Beginnend von Anforderungserfassung und Konzeptentwurf, Design und Entwicklung, Prototyping und Pilotierung, \u00fcber die Markteinf\u00fchrung, den Fertigungsanlauf und die Produktion bis hin zu Service und Produktauslauf. Die Gesch\u00e4ftsprozesse k\u00f6nnen dabei einfach an die Gegebenheiten des jeweiligen Unternehmens angepasst werden.<\/p>\n<p>Kernst\u00fcck von Agile PLM for Industrial Manufacturing ist der sogenannte Enterprise Product Record, in dem alle Informationen \u00fcber ein Produkt strukturiert verwaltet werden. Im Product Record werden beispielsweise Produktanforderungen, Artikelstammdaten, St\u00fccklisten, CAD-Information, verschiedenste Dokumente aber auch Informationen \u00fcber Produkt\u00e4nderungen bzw. Regeln zur Variantenkonfiguration hinterlegt. Der Product Record dient als zentrale Daten-Drehscheibe, um die Koordinationsaufw\u00e4nde f\u00fcr die Bereitstellung von Produktinformationen an die Bereiche Vertrieb, Service, Engineering, Beschaffung, Produktion sowie zu den Entwicklungspartnern und Zulieferern zu reduzieren. Der Product Record kann beliebig um kundenspezifische Objekte erweitert werden.<\/p>\n<p>Die strukturierte Verkn\u00fcpfung der unterschiedlichen Produktinformationen im Product Record sorgt daf\u00fcr, dass die Auswirkungen z. B. einer Anforderungs\u00e4nderung sofort \u00fcberpr\u00fcft werden kann. So wird gew\u00e4hrleistet, dass das Produkt den Kundenanforderungen entspricht.<\/p>\n<p>Agile PLM for Industrial Manufacturing verbindet Kunden, Vertrieb, Engineering, Entwicklungspartner, Fertigung und Zulieferer in einer einheitlichen und global verwendbaren Anwendung. Ausgefeilte Zugriffsschutzmechanismen stellen sicher, dass der Schutz des geistigen Eigentums dennoch gewahrt wird.<br \/>\nDie Gesch\u00e4ftsprozesse im Bereich der Neukonstruktion (Innovation) als auch der \u00c4nderungskonstruktion und Variantenkonfiguration werden umfassend unterst\u00fctzt.<\/p>\n<table>\n<tbody>\n<tr>\n<td width=\"500px\"><a href=\"\/wp-content\/uploads\/2014\/06\/icp_Oracle_wheel.png\"><img loading=\"lazy\" decoding=\"async\" class=\"alignnone size-full wp-image-540\" src=\"\/wp-content\/uploads\/2014\/06\/icp_Oracle_wheel.png\" alt=\"Oracle_Agile_PLM_Graphik\" width=\"440\" height=\"440\" srcset=\"https:\/\/www.icpsolution.com\/wp-content\/uploads\/2014\/06\/icp_Oracle_wheel.png 440w, https:\/\/www.icpsolution.com\/wp-content\/uploads\/2014\/06\/icp_Oracle_wheel-150x150.png 150w\" sizes=\"auto, (max-width: 440px) 100vw, 440px\" \/><\/a><\/td>\n<td>\n<p><strong>Hauptmodule:<\/strong><\/p>\n<ul>\n<li><a title=\"Dokumentenmanagement\" href=\"\/?page_id=175\">Dokumentenmanagement<\/a><\/li>\n<li><a href=\"\/?page_id=181\">Produktdatenmanagement<\/a><\/li>\n<li><a href=\"\/?page_id=188\">Umfangreiches \u00c4nderungswesen<\/a><\/li>\n<\/ul>\n<\/td>\n<\/tr>\n<\/tbody>\n<\/table>\n","protected":false},"excerpt":{"rendered":"<p>Agile PLM for Industrial Manufacturing unterst\u00fctzt durchg\u00e4ngig die kritischen Gesch\u00e4ftsprozesse des gesamten Produktlebenszyklus. Beginnend von Anforderungserfassung und Konzeptentwurf, Design und Entwicklung, Prototyping und Pilotierung, \u00fcber die Markteinf\u00fchrung, den Fertigungsanlauf und die Produktion bis hin zu Service und Produktauslauf. Die Gesch\u00e4ftsprozesse k\u00f6nnen dabei einfach an die Gegebenheiten des jeweiligen Unternehmens angepasst werden. Kernst\u00fcck von Agile PLM [&hellip;]<\/p>\n","protected":false},"author":9,"featured_media":0,"parent":9,"menu_order":1,"comment_status":"closed","ping_status":"closed","template":"","meta":{"footnotes":""},"class_list":["post-154","page","type-page","status-publish","hentry","language-de"],"_links":{"self":[{"href":"https:\/\/www.icpsolution.com\/index.php?rest_route=\/wp\/v2\/pages\/154","targetHints":{"allow":["GET"]}}],"collection":[{"href":"https:\/\/www.icpsolution.com\/index.php?rest_route=\/wp\/v2\/pages"}],"about":[{"href":"https:\/\/www.icpsolution.com\/index.php?rest_route=\/wp\/v2\/types\/page"}],"author":[{"embeddable":true,"href":"https:\/\/www.icpsolution.com\/index.php?rest_route=\/wp\/v2\/users\/9"}],"replies":[{"embeddable":true,"href":"https:\/\/www.icpsolution.com\/index.php?rest_route=%2Fwp%2Fv2%2Fcomments&post=154"}],"version-history":[{"count":19,"href":"https:\/\/www.icpsolution.com\/index.php?rest_route=\/wp\/v2\/pages\/154\/revisions"}],"predecessor-version":[{"id":661,"href":"https:\/\/www.icpsolution.com\/index.php?rest_route=\/wp\/v2\/pages\/154\/revisions\/661"}],"up":[{"embeddable":true,"href":"https:\/\/www.icpsolution.com\/index.php?rest_route=\/wp\/v2\/pages\/9"}],"wp:attachment":[{"href":"https:\/\/www.icpsolution.com\/index.php?rest_route=%2Fwp%2Fv2%2Fmedia&parent=154"}],"curies":[{"name":"wp","href":"https:\/\/api.w.org\/{rel}","templated":true}]}}