{"id":11,"date":"2014-05-12T14:10:53","date_gmt":"2014-05-12T12:10:53","guid":{"rendered":"http:\/\/www.icpsolution.com\/?page_id=11"},"modified":"2019-03-22T15:59:00","modified_gmt":"2019-03-22T14:59:00","slug":"ueber-icp-solution","status":"publish","type":"page","link":"https:\/\/www.icpsolution.com\/?page_id=11","title":{"rendered":"\u00dcber ICP Solution"},"content":{"rendered":"<p><strong>ICP Solution ihr Partner f\u00fcr Product Lifecycle Management L\u00f6sungen<\/strong><\/p>\n<p>Die ICP Solution GmbH ist seit Jahren erfolgreich mit Product-Lifecycle\u00ad-Management-L\u00f6sungen (PLM) in den Branchen Maschinen- und Anlagenbau, Automobilzulieferindustrie, Fahrzeugbau, Ger\u00e4tebau und Automatisierungstechnik t\u00e4tig.<\/p>\n<p>Als Oracle Gold Partner ist die ICP Solution mit dem PLM-Produkt &#8222;Oracle&#8217;s Agile PLM for Manufacturing (Agile e6)&#8220; auf den Mittelstand spezialisiert und betreut mehr als 100 Unternehmen.<\/p>\n<p>Mit dem Konzept des One-Stop-Shop k\u00f6nnen wir Ihnen eine Komplettl\u00f6sung f\u00fcr den gesamten Produktlebenszyklus aus einer Hand anbieten. ICP steht f\u00fcr Industry Competence Partners und in diesem Partnerumfeld stehen Ihnen \u00fcber 50 PLM &#8211; Spezialisten an verschiedenen Standorten zur Verf\u00fcgung. Diese beraten Sie gerne organisatorisch und technisch beim optimalen Einsatz oder Ausbau von PLM-L\u00f6sungen.<\/p>\n<p>Auszeichnungen:<\/p>\n<ul>\n<li>&#8222;Specialized Partner of the year 2011 in der Kategorie Oracle Accelerate for Midsize Companies&#8220;<\/li>\n<li>&#8222;Specialized Partner of the year 2012 in der Kategorie Oracle Accelerate for Midsize Companies&#8220;<\/li>\n<li>&#8222;Partner Excellence Gold Award 2013&#8220;<\/li>\n<li>&#8222;Specialized Partner of the year 2014 CH in der Kategorie Oracle Applications&#8220;<\/li>\n<\/ul>\n","protected":false},"excerpt":{"rendered":"<p>ICP Solution ihr Partner f\u00fcr Product Lifecycle Management L\u00f6sungen Die ICP Solution GmbH ist seit Jahren erfolgreich mit Product-Lifecycle\u00ad-Management-L\u00f6sungen (PLM) in den Branchen Maschinen- und Anlagenbau, Automobilzulieferindustrie, Fahrzeugbau, Ger\u00e4tebau und Automatisierungstechnik t\u00e4tig. Als Oracle Gold Partner ist die ICP Solution mit dem PLM-Produkt &#8222;Oracle&#8217;s Agile PLM for Manufacturing (Agile e6)&#8220; auf den Mittelstand spezialisiert und [&hellip;]<\/p>\n","protected":false},"author":9,"featured_media":0,"parent":0,"menu_order":0,"comment_status":"closed","ping_status":"closed","template":"","meta":{"footnotes":""},"class_list":["post-11","page","type-page","status-publish","hentry","language-de"],"_links":{"self":[{"href":"https:\/\/www.icpsolution.com\/index.php?rest_route=\/wp\/v2\/pages\/11","targetHints":{"allow":["GET"]}}],"collection":[{"href":"https:\/\/www.icpsolution.com\/index.php?rest_route=\/wp\/v2\/pages"}],"about":[{"href":"https:\/\/www.icpsolution.com\/index.php?rest_route=\/wp\/v2\/types\/page"}],"author":[{"embeddable":true,"href":"https:\/\/www.icpsolution.com\/index.php?rest_route=\/wp\/v2\/users\/9"}],"replies":[{"embeddable":true,"href":"https:\/\/www.icpsolution.com\/index.php?rest_route=%2Fwp%2Fv2%2Fcomments&post=11"}],"version-history":[{"count":4,"href":"https:\/\/www.icpsolution.com\/index.php?rest_route=\/wp\/v2\/pages\/11\/revisions"}],"predecessor-version":[{"id":1019,"href":"https:\/\/www.icpsolution.com\/index.php?rest_route=\/wp\/v2\/pages\/11\/revisions\/1019"}],"wp:attachment":[{"href":"https:\/\/www.icpsolution.com\/index.php?rest_route=%2Fwp%2Fv2%2Fmedia&parent=11"}],"curies":[{"name":"wp","href":"https:\/\/api.w.org\/{rel}","templated":true}]}}